.
-13
Let h(f) = f**2 + 7*f. Calculate h(-8).
8
Let i(n) = 7*n + 1. What is i(1)?
8
Let t(h) = -2*h**2 + h - 7. Determine t(2).
-13
Let n(j) = -j**3 - 8*j**2 - j - 3. Determine n(-6).
-69
Let a(x) = 2*x**3 + 8*x**2 - 27*x - 1. Calculate a(-6).
17
Let v(y) = -3*y + 35. Calculate v(12).
-1
Let z(q) = -12*q + 157. What is z(13)?
1
Let j(v) = 17*v + 276. Determine j(-16).
4
Let o(z) = 9*z - 56. What is o(7)?
7
Let k(z) = -z**2 - 2*z + 12. Determine k(-6).
-12
Let a(u) = -u**2 + 29*u - 179. Calculate a(9).
1
Let n(p) = 9*p**3 - 3*p**2 + 5*p - 2. What is n(1)?
9
Let n(m) = -4*m + 12. Give n(-12).
60
Let d(q) = q + 4. Determine d(-3).
1
Let s(f) = 5*f**2 - f - 1. Determine s(-1).
5
Let s(z) = 2*z**2 + 51*z + 329. Calculate s(-12).
5
Let x(d) = -d**2 + d - 4. Give x(0).
-4
Let i(r) = 3*r**2 - 6*r. Give i(4).
24
Let m(j) = j + 7. What is m(4)?
11
Let h(q) = -q**2 - 13*q - 10. Give h(-8).
30
Let c(p) = -22*p + 70. Give c(3).
4
Let j(a) = -a**3 + 11*a**2 - 6*a - 2. Calculate j(10).
38
Let c(n) = 36*n - 4. Give c(-2).
-76
Let j(v) = 3*v**2 - 8*v + 5. Give j(6).
65
Let j(i) = 2*i**3 - 8*i**2 + 5*i - 9. What is j(4)?
11
Let z(c) = -c**3 - 25*c**2 + 26*c + 5. Determine z(-26).
5
Let b(i) = 4*i - 30. Determine b(7).
-2
Let j(z) = 25*z**2 - 6*z - 3. Calculate j(-1).
28
Let f(m) = -m**2 - 20*m - 52. Give f(-3).
-1
Let c(j) = j**3 + 2*j**2 - 4*j - 3. What is c(-3)?
0
Let a(x) = -x**3 + 8*x**2 + x - 67. Calculate a(6).
11
Let t(v) = v**2 - 8*v + 2. Determine t(8).
2
Let n(d) = 15*d - 92. Calculate n(6).
-2
Let g(v) = 4*v + 7. What is g(-9)?
-29
Let h(b) = -4*b + 15. Determine h(12).
-33
Let x(d) = -d**2 + 3*d + 3. Calculate x(-1).
-1
Let u(f) = 10*f - 3. Give u(-4).
-43
Let x(g) = -77*g + 1168. Give x(15).
13
Let s(d) = d**3 + d**2 - d - 38. Determine s(0).
-38
Let f(r) = -4*r**3 - 6*r**2 - 4*r + 4. Give f(-3).
70
Let j(z) = 11*z + 28. Give j(-6).
-38
Let h(y) = y**3 + 3*y**2. What is h(-3)?
0
Let n(v) = -v**2 + 7*v + 5. Determine n(4).
17
Let v(c) = c**3 + 9*c**2 + 11*c + 3. What is v(-8)?
-21
Let l(y) = 185*y + 1103. What is l(-6)?
-7
Let m(k) = 10*k - 327. Give m(32).
-7
Let h(p) = -p**3 + 7*p**2 - 11*p + 13. Calculate h(6).
-17
Let v(w) = -w**2 - 16*w - 49. Calculate v(-15).
-34
Let r(u) = u**3 + 5*u**2 + 4*u. Calculate r(-4).
0
Let q(c) = -c**3 + 5*c**2 - 8*c + 86. Give q(6).
2
Let k(p) = -p**3 - p**2 - 7*p. Calculate k(0).
0
Let r(y) = 5*y**2 + 6*y - 2. Determine r(1).
9
Let s(h) = -h**3 - 6*h**2 - h - 5. Give s(-5).
-25
Let w(d) = d**2 + 6*d - 21. Determine w(3).
6
Let k(m) = 10*m - 7. Determine k(6).
53
Let h(m) = 2*m**3 + 6*m**2 + 4*m + 5. Determine h(-4).
-43
Let o(k) = 5*k - 1. Determine o(2).
9
Let b(a) = -2*a**2 - 40*a - 109. Give b(-17).
-7
Let s(v) = -v**3 + 3*v**2 + 11*v - 11. Give s(5).
-6
Let y(u) = -3*u + 1. What is y(7)?
-20
Let k(i) = -12*i + 371. What is k(31)?
-1
Let a(v) = v**3 - 3*v**2 - 4*v + 6. Calculate a(3).
-6
Let i(g) = -2*g**3 - 10*g**2 + g - 2. What is i(-5)?
-7
Let m(r) = -3*r**2 - r - 4. Calculate m(-2).
-14
Let m(b) = -b + 6. Determine m(6).
0
Let z(g) = g**3 + 7*g**2 - 7*g + 4. Determine z(-8).
-4
Let z(v) = v**3 - 38*v**2 + 17. Determine z(38).
17
Let f(h) = h**3 - h**2 - h - 8. Determine f(0).
-8
Let t(n) = 2*n + 21. Give t(-7).
7
Let z(k) = -k**3 - k**2 + k - 3. Determine z(-3).
12
Let r(p) = 104*p**2. Calculate r(-1).
104
Let a(l) = -25*l - 405. Determine a(-16).
-5
Let j(r) = -r**2 - 15*r - 31. What is j(-3)?
5
Let t(v) = -8*v**2 - 2*v. What is t(-1)?
-6
Let q(r) = -r**2 + 23*r - 53. Calculate q(21).
-11
Let o(p) = -p**2 - 15*p - 29. Determine o(-8).
27
Let h(x) = -52*x - 106. What is h(-2)?
-2
Let k(b) = b**3 + 4*b**2 - 3*b + 1. Calculate k(-4).
13
Let b(k) = 12*k. What is b(1)?
12
Let t(r) = -r**2 - 4*r + 12. Give t(-6).
0
Let d(b) = b**3 + 5*b**2 - b + 26. Give d(-6).
-4
Let t(a) = -a**2 + 5*a + 14. Give t(12).
-70
Let s(p) = -17*p - 22. Give s(6).
-124
Let v(o) = -10*o**2 + 2*o - 2. What is v(-2)?
-46
Let i(q) = q**3 + 8*q**2 - 22*q - 13. Give i(-10).
7
Let i(x) = -x**2 - 22*x + 6. Determine i(-22).
6
Let t(u) = 6*u - 4. Give t(1).
2
Let w(m) = 4*m - 11. Determine w(4).
5
Let j(m) = -m**2 - 10*m - 3. What is j(-11)?
-14
Let g(r) = 2*r. Calculate g(-5).
-10
Let i(l) = -l - 16. Give i(-17).
1
Let n(d) = d**2 - 11*d - 8. Give n(11).
-8
Let u(o) = o**3 + 14*o**2 + 2*o - 24. Give u(-13).
119
Let c(m) = 7*m + 1. Determine c(4).
29
Let t(s) = 10*s + 41. Determine t(-7).
-29
Let x(p) = p**2 - 9*p + 4. Determine x(10).
14
Let l(y) = -2*y**2 + y + 7. Give l(-5).
-48
Let g(h) = h + 25. Calculate g(-5).
20
Let h(d) = d**3 - 6*d**2 - 10*d + 16. Calculate h(7).
-5
Let m(v) = -v**2 - 10*v - 10. Determine m(-8).
6
Let f(u) = -3*u - 3. Calculate f(4).
-15
Let p(l) = l - 26. Give p(9).
-17
Let f(t) = -8*t. Give f(1).
-8
Let v(x) = 2*x - 81. What is v(-22)?
-125
Let v(y) = 13*y + 203. What is v(-15)?
8
Let x(w) = w**3 - 13*w**2 + 4*w + 13. Calculate x(12).
-83
Let p(n) = n**3 - 4*n**2 - 2*n - 3. Give p(4).
-11
Let q(m) = -68*m - 1230. Determine q(-18).
-6
Let f(a) = a**3 - 7*a**2 + a - 6. Determine f(7).
1
Let a(j) = j**2 - 15*j + 15. Determine a(15).
15
Let g(q) = 61*q**3 - 2*q**2 + 1. Calculate g(-1).
-62
Let b(u) = -u**3 + 6*u**2 + 53*u - 313. Give b(6).
5
Let x(q) = -q**3 + q**2 - 10. Calculate x(0).
-10
Let d(y) = y**3 - 7*y**2 - 2*y + 8. Determine d(4).
-48
Let h(s) = s**2 + 4*s + 5. Calculate h(-2).
1
Let b(u) = 2*u - 9. What is b(-8)?
-25
Let h(m) = 7*m - 2. What is h(5)?
33
Let c(d) = -54*d**3 - 3*d**2 + 3*d - 1. Give c(1).
-55
Let x(z) = -2*z**2 + 12*z. Give x(6).
0
Let y(n) = -6*n**2 - n + 1. Give y(2).
-25
Let t(z) = z**2 + z - 61. Determine t(0).
-61
Let q(f) = f - 4. Determine q(-21).
-25
Let d(w) = -w**3 - 3*w**2 + 4*w - 6. What is d(-6)?
78
Let d(c) = 2*c**2 + 21*c - 15. Give d(-10).
-25
Let m(j) = j**3 + 11*j**2 - 23*j + 30. Give m(-13).
-9
Let n(s) = -s**2 + 38*s - 188. Calculate n(32).
4
Let w(r) = -2*r**2 + 95*r - 187. Give w(2).
-5
Let m(c) = -17*c. What is m(-1)?
17
Let k(r) = r**3 - 7*r**2 + 8*r + 9. Give k(6).
21
Let p(n) = n + 53. Calculate p(0).
53
Let f(w) = -25*w**2 - w - 3. Determine f(-2).
-101
Let z(u) = 21*u + 217. What is z(-10)?
7
Let m(j) = -j**2 - 19*j - 16. Calculate m(-19).
-16
Let x(o) = -17*o + 102. What is x(5)?
17
Let m(y) = -y**2 - 11*y - 8. What is m(-4)?
20
Let n(z) = -z**3 + 15*z - 23. Calculate n(3).
-5
Let q(o) = -o**3 + 11*o**2 + 98*o + 65. Determine q(17).
-3
Let l(g) = g**3 - 5*g**2 + g + 3. What is l(3)?
-12
Let i(n) = 5*n + 1. Determine i(-4).
-19
Let c(v) = -2*v**3 - 7*v**2 + v + 6. What is c(-4)?
18
Let u(o) = -o**3 - 7*o**2 - 11*o - 6. Determine u(-5).
-1
Let z(l) = l**2 - 20*l + 6. Give z(7).
-85
Let f(x) = -x**3 - 12*x**2 - 14*x - 29. Give f(-11).
4
Let z(u) = 5*u**3 + 1. Calculate z(-2).
-39
Let m(p) = -p**2 - 38*p + 3. Give m(-38).
3
Let c(i) = -2*i**3 + 10*i**2 - 7*i + 2. Determine c(4).
6
Let t(u) = -2*u**2 + 8*u - 15. Give t(3).
-9
Let y(v) = -3*v**2 - 3*v - 1. Calculate y(-3).
-19
Let m(t) = -2*t**2 + 2*t. Determine m(2).
-4
Let s(d) = d**3 - 6*d**2 - 9*d - 8. Give s(8).
48
Let j(u) = u**3 + 3*u**2 - 6*u - 20. Calculate j(-5).
-40
Let b(i) = -i**2 - 4*i + 4. What is b(-4)?
4
Let r(o) = -o**3 + 16*o**2 - 2*o + 32. Determine r(16).
0
Let h(a) = -9*a - 27. Determine h(-5).
18
Let o(r) = r**3 + 4*r**2 - 4*r - 4. Determine o(-4).
12
Let m(t) = 3*t**2 + t + 1. Determine m(-1).
3
Let z(i) = i**3 - 6*i**2 + 11*i - 21. Calculate z(5).
9
Let u(r) = 37*r - 4. Determine u(-2).
-78
Let q(o) = 4*o**2 - 34*o + 11. What is q(8)?
-5
Let g(o) = o**2 + 36*o + 128. Determine g(-32).
0
Let n(q) = q**3 + 2*q**2 - q - 3. Determine n(-4).
-31
Let r(u) = -u**2 - 2*u + 3. Give r(-5).
-12
Let m(k) = 3*k**2 - 30*k + 2. What is m(10)?
2
Let k(b) = b**2 - 14*b + 36. What is k(8)?
-12
Let j(h) = -h**2 + 27*h - 52. What is j(25)?
-2
Let a(f) = f**2 - 2*f - 15. Calculate a(4).
-7
Let n(o) = o + 6. Determine n(-6).
0
Let o(s) = -35*s**2 - s - 2. Determine o(-1).
-36
Let w(k) = -k**3 - 8*k**2 + 3*k + 1. Give w(-5).
-89
Let x(y) = y - 5. What is x(7)?
2
Let l(k) = k**2 + 5*k + 2. Calculate l(-6).
8
Let j(o) = 30*o**2 - o + 2. Calculate j(1).
31
Let k(p) = 11*p + 56. Calculate k(-14).
-98
Let k(u) = -u**2 + 7*u - 5. Calculate k(6).
1
Let b(x) = 3*x**2 + 18*x - 5. What is b(-6)?
-5
Let b(w) = -2*w**3 + 9*w